 derivative of -g**6/60 + g**5/6 + 5*g**4/12 + 2*g**3 + 1216*g**2. What is p(6)?
0
Let y(s) = -107*s - 86 - 107*s - 103*s + 432*s - 108*s. Determine y(19).
47
Let k be (2/2)/((-10)/(-100)). Let h(i) = 2 - k*i + 2 - 3. Determine h(1).
-9
Let u(z) be the second derivative of z**5/20 + 43*z**4/12 + 2*z**2 + 1045*z. Determine u(-43).
4
Suppose 8 = 7*m - 3*m. Let w(j) = -j**3 + 21 + 0*j**3 + 0*j**2 - 13*j**m - 6 - 11*j. Let p be -9*(-3)/12*1040/(-195). Determine w(p).
3
Suppose -5*a + 5 + 10 = 0, -b = 4*a - 172. Let h = -165 + b. Let n(i) = i**3 + 6*i**2 + 7*i + 7. Give n(h).
-3
Let d(t) = 2*t**2 - 3*t - 42. Suppose 119 = -80*u + 63*u. Give d(u).
77
Let z = 127 - 124. Suppose 12 = 5*q - z. Let y(r) = -2*r**3 - 7 + 6 - r - 4*r**q. What is y(-1)?
6
Let b(h) = -5*h**2 - 3*h + 10. Let d = 2928 - 2926. Calculate b(d).
-16
Let q = -103 - -105. Let b(d) = 2*d - 15 - d**q + 8*d + 18. Calculate b(8).
19
Let b(y) = 5*y**2 + 8*y - 17. Let r(w) = 7 - 6*w + 2 - 3*w**2 + 2*w. Let c(t) = -4*b(t) - 7*r(t). Let u(j) = 2*j**2 + 4*j + 4. Let f be u(-2). Calculate c(f).
5
Let b(n) = 2*n - 61. Suppose i + 3*w - 49 = 0, -6*i - 6 = -5*w - 139. Give b(i).
-5
Suppose 3*s + 7561*v = 7556*v - 29, -3*s + 2*v + 20 = 0. Suppose 2*p - 3*z = -5, 3*z - 22 + 7 = -3*p. Let q(t) = -2*t + 1 - p + 0*t**3 + t**3. What is q(s)?
3
Let a(v) = 20*v - 2. Let h(u) = 58*u - 20. Let z(t) = 58*t - 25. Let j(x) = 4*h(x) - 3*z(x). Let r(m) = 11*a(m) - 4*j(m). What is r(-1)?
10
Let a = -8 - 0. Suppose -2*u + 6 = 4*u. Let t(g) = g**3 - g - 1. Let w(h) = -5*h**3 + 7*h**2 - 2*h. Let b(n) = u*w(n) + 6*t(n). What is b(a)?
-6
Let d(s) be the third derivative of -s**5/30 - 5*s**4/12 + 5*s**3/6 + s**2 - 23*s. Let t(a) = a**2 + 6*a - 3. Let q(x) = 3*d(x) + 5*t(x). Determine q(3).
-9
Let t(n) = 9*n + 1. Let s(d) = -10*d. Let z(i) = 5*s(i) + 6*t(i). Let p(g) = 2*g + 55. Let q be p(-25). Suppose 0 = -q*x - 4 - 16. Give z(x).
-10
Let g be (-40)/3*2/(-8)*(-1602)/890. Let b(r) = r**3 + 12*r**2 + 33*r - 11. Determine b(g).
7
Let i be (60/(-16))/(36/(-96)). Let z be (-52)/i + -6*1/(-30). Let j(l) = -l**3 - 5*l**2 - l - 1. Calculate j(z).
4
Let n(u) = u**3 - 2*u**2 - 8*u + 4. Let h be n(-3). Let g(x) = -x**2 - 8*x + 150. What is g(h)?
-3
Let g = -180 - -172. Let v = 25 + g. Let p(w) = -w**3 + 18*w**2 - 16*w - 16. What is p(v)?
1
Suppose 6*x + 4*x = 20. Suppose 0*r - 11 = -3*z - r, -x*z + 2*r + 2 = 0. Let b(m) = 3*m**2 - 4*m + 3. Calculate b(z).
18
Let k(d) = 35*d**2 + 5*d - 62*d**2 + 7*d + 6 + 4 + 26*d**2. What is k(-8)?
-150
Let j(q) = -2*q + 15. Let o(y) = y**3 + 32*y**2 + 39*y + 243. Let m be o(-31). What is j(m)?
25
Let r be 8558/16 + 8/64. Suppose 0 = -13*q - 37 - r. Let t = -39 - q. Let b(d) = d**3 - 6*d**2 + 4*d + 1. Calculate b(t).
-4
Suppose -5*k - 82 = -4*a - 151, 0 = 2*k - 5*a - 14. Let g(r) = -r**3 + 19*r**2 - 31*r - 13. Calculate g(k).
38
Let w(o) = -o - 25. Let m be w(-14). Let j(s) = -23*s**2 + 2*s - 13. Let d(i) = 6*i**2 + 2*i + 2. Let g(a) = -4*d(a) - j(a). Determine g(m).
-6
Let r(s) be the second derivative of s**3/2 - 15*s**2/2 + 395*s. Calculate r(18).
39
Let c be (-22)/(-8) - (-2)/8. Let p(n) = 6*n**2 + n + 2*n - 9 + 2*n + c*n - n**3. Let i be (-2 - 23/(-1))*(-6)/(-18). Determine p(i).
-2
Let n(u) = u - 5. Let b(j) = -5*j - 65. Let y(r) = 3*r + 44. Let c(t) = -5*b(t) - 8*y(t). Let w be c(33). Give n(w).
1
Let d = 29084 - 29076. Let b(q) be the third derivative of 1/6*q**4 + 1/6*q**3 - 1/60*q**5 - d*q**2 + 0*q + 0. Determine b(3).
4
Let l be ((-14)/(-2))/(-1) + 109 + -117. Let o(b) = b**3 + 15*b**2 - b + 9. Calculate o(l).
24
Let p(b) be the third derivative of -11*b**5/60 + b**4/12 + b**3/6 + 3976*b**2. Let a be (2 - 6/4)*-2. Determine p(a).
-12
Let g be ((-18)/(-12))/(-1*(-1)/2). Let j(q) = 3*q - 6. Let h be j(g). Let n(y) = 5 - h*y - 1 + 3. What is n(8)?
-17
Let k = 5 + -8. Let v(p) = p + 3. Let b(d) = d + 1. Let a(l) = k*v(l) + 2*b(l). Calculate a(-5).
-2
Let k(v) be the third derivative of -v**4/8 + 5*v**3/6 + 2*v**2. Suppose -13 - 95 = -2*t. Let j be -3*24/t*-3. Calculate k(j).
-7
Let n(q) = 5*q**2 - 3*q + 3. Suppose -3*a + 6*b - 3*b = -12, 3*a - 4*b - 13 = 0. Suppose 2*m - 20 = 4*r, -a*m + 1 + 1 = r. Determine n(m).
17
Let d(z) = -z**3 - 5*z**2 - 7*z - 7. Let o be d(-4). Let f(t) = 11*t - 10. What is f(o)?
45
Let k(f) = -7*f**2 - 5*f - 3*f + 5 + 3*f**3 - 5*f**3 + 11*f. Let r be k(-4). Let x(l) = -l - r*l**3 + 5*l + l**3 - 3*l. Calculate x(-1).
7
Let i(b) be the first derivative of -b**7/840 + b**6/40 + b**5/120 - b**4/24 + b**3/3 - 35*b + 107. Let w(n) be the third derivative of i(n). What is w(9)?
8
Let i = 49 - 45. Let s(d) = -1 - 94166*d - 1 + 94163*d. Give s(i).
-14
Let p(t) be the first derivative of 0*t + 0*t**2 - 5/24*t**4 + 17/3*t**3 - 1/120*t**5 + 11. Let w(x) be the third derivative of p(x). Calculate w(5).
-10
Let g(i) = i**2 + 6*i - 9. Suppose 2*r + 4 = 3*r - 4*l, -2*l - 2 = 3*r. Suppose -j + 2*j - 55 = r. Let f = 48 - j. What is g(f)?
-2
Let k = -100 - -69. Let g = 33 + k. Let o(s) = s**3 + 1 + 6 - 2*s**3 + 0*s**g + 5*s + 5*s**2. What is o(6)?
1
Let d(j) = 6 - 37*j**3 + 109*j**3 - 34*j**3 - 2 - 43*j**3 + 2*j + 2*j**2. Give d(3).
-107
Suppose -6*q + 19 = 1. Let s(c) = 14*c - 33. Let g be s(q). Suppose g*y = 8*y. Let h(a) = -a**2 + a - 5. Determine h(y).
-5
Suppose -2*g = -1 - 7. Suppose -g*u + b + 4*b = -2, b + 1 = u. Let a(l) = -2*l + 9. Let z(f) = f - 4. Let m(h) = u*a(h) + 5*z(h). Determine m(0).
7
Let d(m) be the second derivative of -m**4/6 + m**3/6 - m. Let o(g) = -g**2 - 9*g - 9. Suppose j - 3*f = 11, 3*f = 3*j + 7*f + 19. Let b be o(j). What is d(b)?
-3
Let w = -100 + 138. Suppose 0 = 5*s - 9*l + 10*l + 34, -w = 5*s - 3*l. Let g(q) = -q - 7. Calculate g(s).
0
Let f(r) be the second derivative of r**5/20 + 17*r**4/6 - 553*r**3/6 - 45*r**2/2 - 4995*r. Give f(-46).
1
Let i(k) be the second derivative of k**3/3 + 59*k**2/2 - 11*k. Let t(y) = -y - 30. Let u(g) = -3*i(g) - 5*t(g). Determine u(-12).
-15
Let l(n) = 7*n**3 - 146*n**2 + 280*n - 120. Let b(j) = 5*j**3 - 104*j**2 + 200*j - 85. Let d(u) = 17*b(u) - 12*l(u). Determine d(12).
-101
Let h(i) = -4*i - 3. Let f = 54 + -42. Let t be (-3)/(-2)*224/f. Suppose -2*s - t = 5*s. Determine h(s).
13
Let n be (23 + (-21 - 1))*62/(-2). Let z(j) = j**3 + 32*j**2 + 31*j - 1. What is z(n)?
-1
Suppose -3*i + 4*v = -9, -v + 12 = 30*i - 26*i. Let b(g) = 16*g - 48. Give b(i).
0
Let v be 1 - (1 - (-3)/1). Let k = v + 6. Let q(s) = -66*s + 3. Let a(m) = 59*m - 3. Let g(c) = 9*a(c) + 8*q(c). Determine g(k).
6
Let u(x) = -2*x**2. Let c(b) = b**2 - 6*b - 19. Let j(k) = -c(k) - u(k). Let l(i) be the first derivative of j(i). Determine l(-5).
-4
Let w(j) = 38 + 38 - 124 - 6*j + 48. Determine w(4).
-24
Let f(c) be the first derivative of -2*c**3/3 + 6*c - 3320. Determine f(-3).
-12
Let o(y) be the third derivative of 3*y**4/8 + 13*y**3/3 - 1632*y**2 + 2. Calculate o(-10).
-64
Let z be (59 + 0)/(17*(-8)/(-272)). Suppose 115*x + 21 = z*x. Let h(j) be the third derivative of -j**5/60 + 7*j**4/24 - 4*j**3/3 - j**2. Give h(x).
-8
Let f(v) be the second derivative of -v**6/90 - v**5/60 + v**4/2 - 4*v**3/3 - 16*v. Let u(a) be the third derivative of f(a). Determine u(-1).
6
Suppose 1956 = -1865*x + 11439 + 7302. Let o(l) = 3*l + 1 + l + 0 - l**2. Let s(h) = -h**2 + 3*h + 2. Let k(p) = 7*o(p) - 6*s(p). Give k(x).
4
Suppose 5*a - 65 = -0*a + 5*b, 2 = -b. Suppose -5*j - o + a = 0, j + 3*o + 9 = -0. Suppose 0 = 6*u - 9 + j. Let g(f) = 7*f**2 + f. Calculate g(u).
8
Let g be (-6 + 133/21)*-66. Let l be (6 + 55/g)*2/7. Let v(q) = -3*q + 2. Give v(l).
-1
Let i(g) = -g**3 + 19*g**2 - 34*g + 7. Suppose -20*n + 37*n - 1785 = -88*n. What is i(n)?
7
Let d(o) = -o**2 + 27*o - 78. Let w be d(24). Let j(t) = -t**3 - 8*t**2 - 10*t + 5. What is j(w)?
-7
Suppose 0 = l - 5 + 6, 0 = 3*q + 5*l - 103. Suppose 23*a = 29*a + q. Let k(z) = 5*z + 0*z**2 + z**2 - 5 - 3. Determine k(a).
-2
Let c(w) = -w - 2. Let i(u) = 2*u + 36. Let d be i(-16). Let b be (0 + (6 - 0))*d/(-3). Give c(b).
6
Let j(v) = -v**3 + 9*v**2 + 6. Let r be j(9). Suppose g - 9 = -3*l, 5*l - 9 = r. Let a(i) = g - 2*i**2 + 2 - 3 - 6*i. Give a(-4).
-9
Let c(o) = 7*o**2 + 2*o - 4. Let j(n) = 38*n - 2012. Let z be j(53). Determine c(z).
28
Let y(i) = 6*i + 5. Let o(t) = -6*t + 13. Let g(p) = 3*o(p) + 2*y(p). Ca